24 = k*t, t + 3*t = 4*n - 24. Is (-21)/t - -1 - 1 a prime number?
True
Suppose 4*z - 18 = 86. Let h = z + -7. Is h a composite number?
False
Let t(y) = -y + 7. Let m be t(6). Let a(s) = 3*s - 1. Let r be a(m). Suppose 5*k - r*z = 663, 47 = k + 5*z - 64. Is k a composite number?
False
Let w(p) = 4*p + 1. Let o(h) = -1. Let s be (-25)/(-35) + (-4)/(-14). Let a(x) = s*w(x) + 2*o(x). Is a(5) prime?
True
Is 0 + (683 - (4 + 0)) a composite number?
True
Let y be (3/2 - 1)*0. Suppose 0 = 5*x - 5, y*x = 3*t - x - 272. Is t a prime number?
False
Is -4 + 3 + 5 - -377 a prime number?
False
Let r = 0 - -15. Let l be ((-20)/r)/((-1)/(-6)). Is (2 - l) + 3 + -3 prime?
False
Suppose -2 = -2*k - 4*h, 0 = -5*k + 4*k - 3*h. Is -1*(k/(-1) + -74) composite?
True
Let d be 1 + -2 + (-3)/(-1). Is 1690/22 - d/(-11) prime?
False
Suppose 219 = 2*i - 879. Suppose -5*w - k = -i, -462 = -5*w + k + 79. Is w a composite number?
False
Let o(z) = -9 - z**3 - 4*z - z + 0*z**3 - 7*z**2. Suppose y + 10 = -2*m, 5*y - 2*m + 4*m = -42. Is o(y) a prime number?
False
Let y be (0 - (-1 + -2)) + 5. Suppose -d = g - 54 - 1, -4*g + y = 0. Is d a composite number?
False
Let m(p) = -p**3 + 5*p**2 + 4 - 2*p**3 - p + 2 + 2*p**3. Let i be m(6). Is (-3)/(i/(-147))*-4 composite?
True
Suppose 3*x - 494 = x. Is x a composite number?
True
Let h(g) = -g**3 - 6*g**2 + g + 8. Let t be h(-6). Let a be (-1)/(-4) - t/8. Suppose f - 3*w + 4*w - 54 = a, -f + 38 = 5*w. Is f prime?
False
Suppose 3*k - 2*z - 1 - 15 = 0, -z = -2*k + 9. Suppose k*l = -4*b + 122, 5*b + 133 = 2*l + 47. Is l prime?
True
Let z = -28 - -47. Is z a prime number?
True
Suppose -w + 297 + 448 = 0. Let h = w + -330. Is h prime?
False
Let p = 66 - 27. Let o = p - 26. Is o composite?
False
Let u(r) = 2*r**2 - 11*r + 5 + 9 - r**2. Let x be u(10). Suppose 0*v = x*v + a - 221, 0 = 2*v + a - 111. Is v composite?
True
Suppose 5*f + 4 = f. Is -13*(0 - (-1)/f) a composite number?
False
Let s(i) = -2*i**3 - 4*i**2 - 14*i + 7. Is s(-10) prime?
True
Is (17 + -18)*(-546 - -1) a composite number?
True
Suppose 1586 = 2*y - 3*n, y - 91 = -5*n + 676. Is y a prime number?
True
Suppose 13 = 3*a + z + z, 0 = -4*a + 5*z + 2. Let k(b) = 25*b**2 - 5*b + 2. Let w be k(-4). Is w/a*(-6)/(-4) a prime number?
True
Let k(t) = 16*t + 5. Is k(3) prime?
True
Let d = 10 + -5. Suppose -16 = -d*h + h. Suppose h*o - 5 - 11 = 0. Is o a prime number?
False
Is ((-802)/6)/(4/(-24)*2) composite?
False
Suppose -30469 = -8*i - 2829. Is i a prime number?
False
Let z(r) = 233*r**2 + 2*r + 8. Is z(-3) a composite number?
False
Suppose 3 = -4*d + 5*d. Let b = -10 - -14. Suppose -3 = b*y - 3*v - 0, 5*y = -d*v + 30. Is y composite?
False
Let o be 14/4 - 3/2. Suppose 0 = -o*l + 42 + 20. Is l prime?
True
Let v = -65 + 93. Suppose 0 = -f + 75 - v. Suppose -3*d + 4*s + f = 0, 4*d = 5*d + 3*s - 33. Is d a composite number?
True
Let y = -13 + 2. Let n be y/(-3) + (-10)/15. Suppose 5*m + 2*w = 7, 5*m = n*m - 4*w - 10. Is m a composite number?
False
Let m be 2/8*(-36)/(-3). Suppose -m*s - 44 = -2*s - 4*p, -2*p - 220 = 5*s. Let o = s + 95. Is o a prime number?
False
Suppose 17 = 4*w - 11. Let p(m) be the second derivative of m**5/20 - 5*m**4/12 - m**3/3 - 7*m**2/2 + m. Is p(w) a prime number?
False
Let y = 7 - 1. Let h = -3 + 5. Is (2 + 103)*h/y prime?
False
Suppose -4*a = -2*l - 4, 5*l + 0*a - 1 = -a. Suppose l = -q + 2*q - 14. Is q composite?
True
Let n(a) = -a + 24. Is n(-10) prime?
False
Let w = 124 - 7. Let p(x) = -171*x**3 - 2*x - 1. Let g be p(-1). Let s = g - w. Is s prime?
False
Let t(l) = 3*l**2 + 8*l + 5. Is t(-6) composite?
True
Let a = -17 - -21. Suppose -60 = a*r - 2*c - 242, -2*c + 94 = 2*r. Is r composite?
True
Suppose 4*g + 25 = 77. Let t = -9 + g. Suppose 2*d - 86 = -t*c + d, 2*c - 54 = 5*d. Is c composite?
True
Let g(v) = v**3 + 8*v**2 - 3*v - 7. Let f(y) = -y**3 - 7*y**2 - 6*y - 6. Let d be f(-6). Is g(d) a composite number?
False
Let o(a) be the first derivative of -4*a**2 - a + 3. Is o(-4) a prime number?
True
Suppose -42*y - 1012 = -46*y. Is y a composite number?
True
Let g(k) be the first derivative of -1/2*k**2 - 1 + 67*k. Is g(0) a composite number?
False
Let w = 421 - 210. Is w prime?
True
Suppose -5*y + 4*y = 0. Suppose c - 92 + 13 = y. Is c prime?
True
Let c(j) = j**3 - 6*j**2 + 5*j + 5. Suppose -5*o - 6*r = -11*r - 30, 5*r = -4*o + 33. Is c(o) a prime number?
True
Let j be -2 - (-2 - (-2)/1). Is (-680)/16*(0 + j) composite?
True
Let a = 1 + 1. Let l(b) = -a + 5 + b - 1 + 16*b**2. Is l(3) prime?
True
Let c(u) = -305*u + 32. Is c(-9) composite?
False
Let i = -92 + 219. Is i a prime number?
True
Suppose -528 = -c - 4*o - 177, -c + 2*o + 381 = 0. Is c a composite number?
True
Suppose 0 = -4*t + 2*d + 282, -2*t + 0*d - 3*d = -121. Let j = t + 81. Is j a composite number?
False
Suppose -3*h + 5*p = -5*h + 873, 0 = -4*h - 5*p + 1771. Is h a composite number?
False
Let i(j) be the first derivative of j**4/4 - 2*j**3/3 - j**2/2 + j - 2. Let a(w) = 4*w**3 - 7*w**2 - 2*w + 4. Let y(b) = 2*a(b) - 7*i(b). Is y(3) prime?
True
Let s be -1 + 1 + 1 + 5. Let f(r) = r**3 - 4*r**2 - 8*r. Let m be f(s). Is (-4)/2 + m + 1 prime?
True
Let k be (0 + 2)*3/(-6). Is k/((3/(-59))/3) composite?
False
Suppose -u + 16 = -17. Let y be (u/(-2))/((-2)/36). Suppose 52 = -5*p + y. Is p a prime number?
False
Let z(t) = t**3 - 8*t**2 + 5*t. Let f be z(11). Let o = f + -227. Is o a prime number?
True
Suppose 2*m + 5063 = 3*f, -3378 = -2*f - 3*m + 5*m. Is f prime?
False
Let x = 122 + -57. Suppose 0 = 4*w - x - 67. Is w composite?
True
Let b be -5*(12/5 - 2). Let s(k) = -2*k + 1. Let m be s(b). Suppose -3*t = 5*h + 2*t - 190, 4*h = -m*t + 156. Is h a composite number?
True
Let j(m) = 2*m**3 - 8*m**2 - 4*m - 1. Is j(6) composite?
True
Let s(m) = 2*m - 2 - 1 + 4 + 72*m**2 - 4*m. Is s(1) a prime number?
True
Suppose 0 = 3*j - 4 - 2. Is 1*j/(-4)*-74 composite?
False
Let j = 82 + -51. Suppose -n - 2*n + j = 5*h, 5*n - 4*h - 27 = 0. Suppose -q = -8 - n. Is q a composite number?
True
Let o = 628 + -417. Is o a prime number?
True
Suppose 4*w - 1043 = -f, 0*f + 4*f - 4153 = 3*w. Is f prime?
True
Let x = -43 - -275. Suppose x + 23 = 5*g. Is g prime?
False
Suppose 0 = -2*r - 2*r + 8. Is (-13 - 2)/(-3 + r) prime?
False
Let o(d) be the third derivative of -d**6/120 - d**5/20 + d**4/4 + 5*d**3/6 - 2*d**2. Let a be o(-5). Suppose 3*k - 5*g - a = 27, -4*k = 3*g - 50. Is k prime?
False
Let l(h) = 7*h + 2 + 1 - h**2 - 2. Let m(a) = -2*a - 5. Let b be m(-5). Is l(b) composite?
False
Suppose 2*c + 69 = -5*q, -3*q - 4*c = -1 + 48. Let f = 78 + q. Is f a prime number?
False
Is (-124 - (0 + -2))*-1 prime?
False
Suppose -423 = -9*f + 324. Is f composite?
False
Let j(u) = u + 8. Let k be j(-4). Let b(h) = 24*h - 9. Is b(k) composite?
True
Suppose 4*r - 199 = -4*v + 105, -v + 68 = -r. Suppose o + 33 = -u, 7*o + 169 = -5*u + 3*o. Let z = u + v. Is z a prime number?
False
Is (-141)/2*(-20)/15 prime?
False
Let a(o) = o - 8. Let w be a(11). Is 0/(-1) + 82 + w prime?
False
Suppose 27705 = 5*w - 5*f, -6*f - 16619 = -3*w - 2*f. Is w composite?
True
Suppose 3*z = -5*h + 8 - 1, 0 = 4*z + h - 32. Let y = -3 + z. Is y a composite number?
True
Let v be (-1 - 2 - -3) + -9. Let p(w) = w**3 + 10*w**2 + 6*w + 4. Is p(v) composite?
False
Let r(n) = -17*n - 3. Let o be r(-10). Suppose 2*f + 3 = f, -5*c = f - o. Is c a composite number?
True
Let t(y) = y**2 - 3*y + 4. Suppose -1 = -k - 2*v, 3*v - v - 7 = k. Is t(k) composite?
True
Suppose 5*h - f + 4*f - 94 = 0, -2*h = 4*f - 32. Let q = 43 - h. Is q a composite number?
False
Let v be 2/(-4)*(-3 + -5). Suppose -2*t + 274 = v*s, -139 = -2*s + 3*t - 2*t. Is s a prime number?
False
Let g(i) = -5*i**3 + 3*i**2 + 3*i - 4. Is g(-3) a prime number?
True
Let n be (-4)/(-2) + 0 + 0. Let z = 16 - n. Suppose 4*x = -m + 57, -2*x + z = -3*m - 11. Is x a composite number?
True
Suppose 4*d - 1062 - 297 = -5*v, d - 814 = -3*v. Is v composite?
False
Let x be (-2)/9 + 119/9. Suppose 3*s = -1 + x. Suppose -s = 4*p - 136. Is p a composite number?
True
Suppose a + 2*f = 529, 6*f - 15 = 3*f. Is a a composite number?
True
Let f(d) = 6*d**2 - d - 11. Is f(-6) a prime number?
True
Suppose -i + 5*i - 12 = 0, 2*j = -4*i + 334. Is j prime?
False
Suppose -k - 4*k = 20, 147 = 3*f - 3*k. Suppose 0 = -2*z + 85 + f. Is z prime?
